the greatest common factor of 52 and i.
13
Let k = -3519 - -3591. Let t be (2/5)/((-8)/(-960)). Calculate the highest common divisor of k and t.
24
Let r = 3 + -3. Suppose r = 4*d - 2*o - 66, -76 = -5*d - 2*o - 2*o. What is the highest common factor of 32 and d?
16
Suppose -3*r = -d - 6, -d - 6 = 2*r - 10. Suppose -5*w = 5*b - 440, 3*w = 2*b + r - 203. Calculate the highest common factor of b and 3.
3
Suppose 6052 - 28100 = -13*t. Calculate the greatest common factor of t and 128.
32
Let j(m) = -m**3 - 188*m**2 + 1752*m - 4049. Let l be j(-197). Let o = 8 + -11. Let d be o/(-9) - 46/(-6). What is the greatest common factor of l and d?
8
Let p = 18 - 15. Suppose p = -8*b + 27. What is the greatest common factor of 12 and b?
3
Suppose 931 = -16*j - 3*j. Let b be 7/(j/(-2))*70. What is the highest common divisor of b and 20?
20
Let o = -7 + 10. Let g be ((-76)/(-190))/((-4)/5 - -1). Suppose -g*l = -o*l + 99. Calculate the highest common divisor of 9 and l.
9
Let g be (-1)/(-4) - (-39169)/92. Suppose -g*b - 5 = -431*b. Calculate the highest common divisor of 19 and b.
1
Suppose -2*s = -2*d - 16, -d = -2*s + 5*s - 24. What is the greatest common factor of 324 and s?
4
Suppose 3*p + 120 = 8*p. Let g = -151 - -160. Suppose g*a - 419 = -95. Calculate the greatest common divisor of p and a.
12
Let r(t) = -t**3 - 22*t**2 + 19*t - 29. Let c be r(-23). Let y be (84/c)/(1/12). Let s = 37 + -29. What is the highest common divisor of s and y?
8
Let u be (-10)/25 + 2002/5. Let y = 74427 + -74411. Calculate the highest common divisor of u and y.
16
Let y(b) = b**3 + b**2 - 4*b + 28. Let a be y(0). Suppose 2*d - 2*k = -3*d + 110, -4 = -d + 4*k. What is the highest common factor of d and a?
4
Let w = 14018 + -3432. What is the highest common divisor of 158 and w?
158
Suppose 13 = -3*u + 61. Let r = -19770 + 19946. Calculate the highest common divisor of u and r.
16
Suppose -3*y + 5*l + 1057 = 0, y + l = 155 + 216. Calculate the highest common divisor of 1508 and y.
52
Let l(p) = -p**3 + 26*p**2 + 118*p + 11. Let d be l(-4). What is the highest common factor of 47063 and d?
19
Let y be (7/3)/(2/54). Suppose 3*x - y = -u, 3*x - 11 = 5*u + 70. Suppose 3*f - 209 = -16*f + 209. Calculate the highest common divisor of x and f.
22
Suppose 197*p - 10*p = 35656 + 163873. Calculate the highest common divisor of 55 and p.
11
Suppose -3*z - j - 58 = -8*z, -z + 6 = -3*j. Let x be (45/6)/(-5)*(z + 4). Let s = 53 + x. What is the highest common divisor of s and 319?
29
Suppose -4*i + 0*i + 20 = 0. Suppose 12 = t - 2*l, 0 = -i*t + l + 28 + 59. Suppose 3*d + 1134 = 12*d. Calculate the greatest common factor of t and d.
18
Suppose 44*j - 371*j + 134*j + 12240 = -23*j. Let k(x) = 9*x**2 + 3*x + 6. Let s be k(-5). Calculate the greatest common divisor of j and s.
72
Suppose -12740 = -40*s + 26*s. Suppose -s + 930 = x. Suppose -2*v + 0*v = 5*o - 20, 4*v + 4*o - 64 = 0. What is the highest common factor of v and x?
20
Suppose -6 = -2*o - t, 0*o - 4*t + 12 = 2*o. Let g(u) = 2*u**2 - 6*u + 6. Let s be g(o). Suppose s*i = 62 + 4. Calculate the greatest common factor of 3 and i.
3
Let f be 48/11*(-13167)/(-133). What is the highest common factor of f and 64?
16
Let y(r) = -2*r - 13. Let f be y(-9). Suppose f*d = 19*d - 2268. Suppose 7*c - 13*c = -d. Calculate the greatest common divisor of 27 and c.
27
Suppose 4*q - 3*a - a - 872 = 0, 4*q + a - 862 = 0. Suppose 0 = 25*c - 19*c - q. Suppose 0 = -11*i + c + 52. What is the highest common divisor of i and 88?
8
Let w = -82 - -83. Let m(c) = -3*c + 3. Let k be m(-2). Calculate the greatest common divisor of k and w.
1
Let u be 2/(-4)*2*(-34)/17. Calculate the greatest common divisor of u and 298.
2
Let h = 4606 - 4584. Calculate the greatest common divisor of 979 and h.
11
Suppose -r + 684 = i, 0*i - 2*i - 3*r = -1364. Let z(q) = q**3 - 14*q**2 + 10*q + 55. Let x be z(13). Calculate the highest common divisor of i and x.
16
Suppose -7*w + 61 + 65 = 0. Let n be (-10 + 1)*(156/w)/(-1). Suppose 2*c - 3*f - n = -0*c, -5*f = 5*c - 145. What is the highest common factor of c and 3?
3
Let q = -31 + -7096. Let d = 10527 + q. Suppose 17*c + 544 = d. Calculate the greatest common divisor of c and 24.
24
Let n(s) = -9*s - 26. Let v be n(-6). Let o = v - 27. Let j = 39 + -36. Calculate the greatest common divisor of j and o.
1
Let w be (-3)/2*56/(-3). Let g = 23363 + -23237. What is the highest common divisor of g and w?
14
Let u = -121 - -136. Let v = u - -5. Calculate the highest common factor of 20 and v.
20
Let f be 774/6*2/3. Let x = f + -30. Let a = -243 + 271. Calculate the highest common divisor of x and a.
28
Suppose -9 = -3*q - 2*j + 25, -4*q - j = -47. Suppose -n + 23 = -3*r, -2*n = 2*n + 4*r - q. Calculate the greatest common factor of 92 and n.
4
Let x = -15 - -17. Suppose 7 + 5 = 4*z - x*j, -15 = -5*z + 5*j. Suppose -u = -z*u + 592. Calculate the highest common divisor of 37 and u.
37
Let w be (-5 - 6) + 969 - (-2 + 6). What is the greatest common divisor of 72 and w?
18
Suppose -2*m + 219 + 173 = 0. Let q(z) = 12*z**2 - 15*z + 3. Let h be q(5). Let j be h/8 + (-2)/4. What is the greatest common divisor of j and m?
28
Let g(u) = u**2 + 14*u - 18. Let c be g(-15). Let a be (c + (-26)/(-4))*2. Let p = 13 - 6. Calculate the highest common divisor of a and p.
7
Suppose 181*h - 3*a - 7 = 179*h, -2*a = 2*h - 22. Calculate the highest common factor of 20408 and h.
8
Suppose k + 3*j + 138 = 561, 5*j = 3*k - 1269. Let h = 188 + k. What is the greatest common divisor of h and 47?
47
Suppose 46*c - 43*c - 237 = -14*z, c - z - 62 = 0. Calculate the highest common divisor of c and 35.
5
Suppose 6*b - 7*b = 0. Suppose b = -5*k + 3*k + 24. Calculate the greatest common factor of k and 2.
2
Suppose -3*b + 173 = -s, 6*s + 275 = 5*b + 7*s. Let z be ((-6)/8)/((-81)/3348). Suppose -2*a - 17 + z = 0. What is the highest common factor of a and b?
7
Let g(t) = t**2 + 14*t + 39. Suppose 0 = -4*o - 4 - 40. Let q be g(o). What is the highest common factor of 2 and q?
2
Suppose 0 = -939*r + 934*r + 300. Suppose 3*b = -3*x + 2*b + 144, -5*x - 5*b = -240. What is the highest common divisor of x and r?
12
Let t(z) = -2*z**2 - 57*z + 66. Let k be t(-27). Suppose 5*w + 4*v = 6*v + 381, -v + k = 2*w. Calculate the highest common divisor of 325 and w.
25
Let p = -1830 + 3105. Calculate the greatest common divisor of 450 and p.
75
Suppose 0 = -6*t - 2*l + 944, -53 = -t + 3*l + 91. Calculate the highest common divisor of t and 1728.
12
Suppose -14*d + 7790 = 27*d. Let x be (4/(-6)*3)/(4/(-152)). Calculate the greatest common divisor of d and x.
38
Suppose 12899 = 3*l + 3*n - 9979, 0 = 2*l - 3*n - 15247. What is the greatest common factor of l and 61?
61
Let b = -265 + 466. Let j = b - -387. What is the highest common divisor of 12 and j?
12
Suppose 0*c - 234 = -c. Let a = 288 - c. Let u be 3/(-3) - 7*-1. What is the greatest common divisor of u and a?
6
Suppose 14*v = -1865 + 549. Let a = -79 - v. What is the highest common divisor of a and 75?
15
Let l = -3566 + 3573. Calculate the greatest common divisor of l and 87.
1
Suppose 35*i + 20 = 40*i, 5*i = -4*t + 132. Suppose 2*d - 2*n + 0 = 4, -4*d = -3*n - 13. What is the greatest common factor of d and t?
7
Suppose 0 = -y - 4 + 11. Suppose -y*m + 11*m = 184. What is the highest common divisor of m and 161?
23
Suppose -28 = -m - 2*o + 30, 0 = 3*m - 5*o - 130. Suppose 0 = -4*j + 16, -z + 3*z = -2*j + m. Calculate the highest common factor of z and 7.
7
Let q = 7835 + -7275. What is the highest common divisor of q and 525?
35
Let r(k) = 71*k**2 + 16*k - 15. Let s be r(1). Let h be (-16 + s)*(-2)/(-4). Calculate the greatest common factor of 28 and h.
28
Suppose 0*b - 5*b + 201 = -4*l, 4*l + 2*b = -222. Let c be (l/4)/((-17)/34). Calculate the highest common divisor of c and 45.
9
Let f be ((-3)/8)/((-10)/80)*6. Let d be 1/2*(1 - -3). Suppose -d*w = -8*w + f. What is the highest common factor of 3 and w?
3
Suppose 110 - 7022 = 9*r. Let q be 4/(-14) - 7/(294/r). What is the greatest common divisor of 288 and q?
18
Suppose -5*w + 10*w = 90. Let h be 2*(3 + w/(-4)). Let f be h/27 - 92/(-18). What is the greatest common factor of f and 55?
5
Let f(p) be the second derivative of -16*p**5/5 - p**4/12 - 5*p**3/6 - 3*p**2/2 - 8*p - 